he hundred thousands digit of 521451?
5
What is the hundreds digit of 404220?
2
What is the thousands digit of 10743326?
3
What is the ten millions digit of 11024745?
1
What is the tens digit of 3752485?
8
What is the thousands digit of 318824?
8
What is the ten thousands digit of 18720940?
2
What is the hundreds digit of 136227?
2
What is the units digit of 926923?
3
What is the hundred thousands digit of 2137251?
1
What is the thousands digit of 928587?
8
What is the thousands digit of 1852069?
2
What is the thousands digit of 851850?
1
What is the millions digit of 5072235?
5
What is the hundred thousands digit of 4851650?
8
What is the tens digit of 782988?
8
What is the ten thousands digit of 1379159?
7
What is the tens digit of 6533630?
3
What is the units digit of 1335178?
8
What is the tens digit of 336981?
8
What is the ten thousands digit of 335354?
3
What is the units digit of 894102?
2
What is the hundreds digit of 28538951?
9
What is the hundreds digit of 1932261?
2
What is the thousands digit of 211089?
1
What is the hundreds digit of 9392058?
0
What is the ten thousands digit of 1521989?
2
What is the ten thousands digit of 360785?
6
What is the ten thousands digit of 225419?
2
What is the ten thousands digit of 5969408?
6
What is the ten thousands digit of 2030003?
3
What is the tens digit of 223752?
5
What is the units digit of 10984819?
9
What is the ten thousands digit of 229864?
2
What is the hundred thousands digit of 7102401?
1
What is the ten thousands digit of 433922?
3
What is the hundreds digit of 109675?
6
What is the units digit of 1727992?
2
What is the ten thousands digit of 265629?
6
What is the units digit of 2516720?
0
What is the tens digit of 796048?
4
What is the thousands digit of 202535?
2
What is the ten millions digit of 10259677?
1
What is the units digit of 186444?
4
What is the units digit of 3219566?
6
What is the units digit of 33272?
2
What is the hundred thousands digit of 1487557?
4
What is the millions digit of 17864458?
7
What is the units digit of 1676062?
2
What is the ten thousands digit of 3181449?
8
What is the hundred thousands digit of 1203255?
2
What is the millions digit of 10793017?
0
What is the hundreds digit of 239265?
2
What is the hundred thousands digit of 21669054?
6
What is the thousands digit of 2575917?
5
What is the ten thousands digit of 4823131?
2
What is the thousands digit of 494513?
4
What is the ten thousands digit of 262060?
6
What is the hundred thousands digit of 3358480?
3
What is the tens digit of 7793155?
5
What is the units digit of 596010?
0
What is the hundreds digit of 54731?
7
What is the tens digit of 1219130?
3
What is the ten millions digit of 16104402?
1
What is the tens digit of 1141530?
3
What is the millions digit of 38514812?
8
What is the hundred thousands digit of 4182108?
1
What is the tens digit of 1508711?
1
What is the ten thousands digit of 212814?
1
What is the tens digit of 3125691?
9
What is the hundred thousands digit of 168343?
1
What is the hundred thousands digit of 674219?
6
What is the thousands digit of 78931?
8
What is the units digit of 37669549?
9
What is the millions digit of 6908012?
6
What is the hundreds digit of 1179220?
2
What is the ten thousands digit of 267175?
6
What is the thousands digit of 3000288?
0
What is the thousands digit of 25887916?
7
What is the thousands digit of 225055?
5
What is the tens digit of 145566?
6
What is the ten thousands digit of 752531?
5
What is the hundred thousands digit of 2725288?
7
What is the units digit of 240459?
9
What is the thousands digit of 103604?
3
What is the millions digit of 11792085?
1
What is the hundred thousands digit of 640733?
6
What is the units digit of 15738458?
8
What is the thousands digit of 63445?
3
What is the hundreds digit of 510160?
1
What is the millions digit of 1044665?
1
What is the hundreds digit of 752663?
6
What is the millions digit of 4023749?
4
What is the units digit of 256280?
0
What is the tens digit of 801907?
0
What is the ten thousands digit of 59041?
5
What is the tens digit of 1842046?
4
What is the hundred thousands digit of 197862?
1
What is the ten thousands digit of 5149636?
4
What is the hundred thousands digit of 3368427?
3
What is the hundreds digit of 184039?
0
What is the hundred thousands digit of 10721378?
7
What is the hundred thousands digit of 2439038?
4
What is the ten thousands digit of 15834968?
3
What is the tens digit of 75383?
8
What is the hundreds digit of 9996696?
6
What is the units digit of 246778?
8
What is the ten thousands digit of 18507?
1
What is the hundreds digit of 159562?
5
What is the millions digit of 1977809?
1
What is the ten thousands digit of 345911?
4
What is the ten thousands digit of 5416174?
1
What is the hundred thousands digit of 11216993?
2
What is the tens digit of 857901?
0
What is the hundreds digit of 3405616?
6
What is the hundred thousands digit of 791119?
7
What is the tens digit of 3901502?
0
What is the thousands digit of 3974671?
4
What is the units digit of 25857458?
8
What is the millions digit of 1446622?
1
What is the tens digit of 217600?
0
What is the millions digit of 1073682?
1
What is the tens digit of 1627035?
3
What is the tens digit of 402756?
5
What is the hundred thousands digit of 5305832?
3
What is the millions digit of 4257506?
4
What is the ten thousands digit of 26715243?
1
What is the tens digit of 3895912?
1
What is the tens digit of 1555475?
7
What is the ten thousands digit of 832680?
3
What is the thousands digit of 790030?
0
What is the ten thousands digit of 127352?
2
What is the tens digit of 230199?
9
What is the hundreds digit of 1184875?
8
What is the units digit of 18127152?
2
What is the hundred thousands digit of 727906?
7
What is the hundred thousands digit of 10629412?
6
What is the hundred thousands digit of 3060148?
0
What is the thousands digit of 99955?
9
What is the ten thousands digit of 9561866?
6
What is the hundreds digit of 11243955?
9
What is the hundreds digit of 8883383?
3
What is the tens digit of 1380066?
6
What is the ten thousands digit of 934083?
3
What is the hundreds digit of 71824?
8
What is the hundreds digit of 6334015?
0
What is the units digit of 430245?
5
What is the millions digit of 8538666?
8
What is the units digit of 414091?
1
What is the hundreds digit of 512983?
9
What is the millions digit of 2003532?
2
What is the ten thousands digit of 207333?
0
What is the hundred thousands digit of 3209150?
2
What is the tens digit of 4038320?
2
What is the millions digit of 4069444?
4
What is the ten thousands digit of 794156?
9
What is the hundreds digit of 12928314?
3
What is the hundreds digit of 6648181?
1
What is the tens digit of 35855?
5
What is the millions digit of 4375657?
4
What is the tens digit of 410165?
6
What is the thousands digit of 2227172?
7
What is the hundreds digit of 652039?
0
What is the tens digit of 200039?
3
What is the hundreds digit of 879974?
9
What is the tens digit of 4448532?
3
What is the units digit of 1006013?
3
What is the ten thousands digit of 457614?
5
What is the hundreds digit of 7013?
0
What is the millions digit of 2758136?
2
What is the hundreds digit of 443529?
5
What is the units digit of 20280939?
9
What is the units digit of 4220116?
6
What is the units digit of 127187?
7
What is the hundred thousands digit of 1159369?
1
What is the units digit of 1448324?
4
What is the tens digit of 3743917?
1
What is the hundreds digit of 202901?
9
What is the hundreds digit of 36733855?
8
What is the millions digit of 1054733?
1
What is the ten thousands digit of 54695?
5
What is the hundred thousands digit of 1223038?
2
What is the units digit of 307607?
7
What is the thousands digit of 1160418?
0
What is the ten thousands digit of 15645557?
4
What is the ten thousands digit of 77523?
7
What is the thousands digit of 95234?
5
What is the units digit of 1212953?
3
What is the tens digit of 808899?
9
What is the hundreds digit of 5739385?
3
What is the tens digit of 8205?
0
What is the units digit of 35023?
3
What is the tens digit of 709523?
2
What is the tens digit of 980455?
5
What is the ten thousands digit of 11030843?
3
What is the ten thousands digit of 5980221?
8
What is the hundre